ainder when 40871 is divided by 97.
34
Calculate the remainder when 232043 is divided by 177.
173
Calculate the remainder when 2124 is divided by 500.
124
Calculate the remainder when 15765 is divided by 2627.
3
Calculate the remainder when 5708 is divided by 1425.
8
What is the remainder when 348191 is divided by 393?
386
What is the remainder when 3941 is divided by 15?
11
Calculate the remainder when 77535 is divided by 232.
47
Calculate the remainder when 15003 is divided by 283.
4
Calculate the remainder when 25095 is divided by 37.
9
What is the remainder when 541 is divided by 132?
13
What is the remainder when 2623 is divided by 258?
43
What is the remainder when 44333 is divided by 44322?
11
What is the remainder when 230824 is divided by 1416?
16
What is the remainder when 179903 is divided by 32?
31
What is the remainder when 12497 is divided by 5989?
519
Calculate the remainder when 1043900 is divided by 88.
44
What is the remainder when 147679 is divided by 34?
17
Calculate the remainder when 4700 is divided by 935.
25
What is the remainder when 29323 is divided by 137?
5
What is the remainder when 41716 is divided by 244?
236
Calculate the remainder when 2908 is divided by 2887.
21
Calculate the remainder when 621163 is divided by 986.
969
What is the remainder when 87825 is divided by 288?
273
What is the remainder when 233 is divided by 15?
8
What is the remainder when 312 is divided by 155?
2
What is the remainder when 64143 is divided by 113?
72
What is the remainder when 57378 is divided by 302?
300
What is the remainder when 7033 is divided by 6947?
86
Calculate the remainder when 33799 is divided by 36.
31
Calculate the remainder when 814461 is divided by 12530.
11
Calculate the remainder when 19298 is divided by 27.
20
What is the remainder when 99311 is divided by 391?
388
What is the remainder when 9883 is divided by 157?
149
What is the remainder when 91595 is divided by 169?
166
What is the remainder when 127045 is divided by 1134?
37
What is the remainder when 4317719 is divided by 8?
7
Calculate the remainder when 64160 is divided by 21384.
8
Calculate the remainder when 668 is divided by 42.
38
What is the remainder when 34234 is divided by 7?
4
Calculate the remainder when 84195 is divided by 217.
216
Calculate the remainder when 3826 is divided by 806.
602
What is the remainder when 43663 is divided by 46?
9
What is the remainder when 181218 is divided by 25888?
2
Calculate the remainder when 351982 is divided by 117323.
13
Calculate the remainder when 29 is divided by 16.
13
Calculate the remainder when 863 is divided by 431.
1
What is the remainder when 239423 is divided by 333?
329
Calculate the remainder when 102899 is divided by 30.
29
What is the remainder when 22211 is divided by 888?
11
Calculate the remainder when 11096 is divided by 596.
368
Calculate the remainder when 1011007 is divided by 10.
7
What is the remainder when 10819 is divided by 1524?
151
Calculate the remainder when 7278 is divided by 20.
18
Calculate the remainder when 81759 is divided by 27249.
12
Calculate the remainder when 77028 is divided by 720.
708
What is the remainder when 478145 is divided by 159374?
23
What is the remainder when 13954 is divided by 164?
14
What is the remainder when 127148 is divided by 9780?
8
Calculate the remainder when 14810 is divided by 92.
90
What is the remainder when 101689 is divided by 50830?
29
What is the remainder when 13101 is divided by 117?
114
What is the remainder when 1158645 is divided by 46?
43
What is the remainder when 155242 is divided by 91?
87
Calculate the remainder when 199022 is divided by 9.
5
What is the remainder when 1198 is divided by 80?
78
What is the remainder when 2311 is divided by 211?
201
What is the remainder when 18829 is divided by 164?
133
Calculate the remainder when 40463 is divided by 189.
17
What is the remainder when 409244 is divided by 45471?
5
What is the remainder when 247497 is divided by 100?
97
What is the remainder when 31361 is divided by 862?
329
What is the remainder when 79587 is divided by 214?
193
Calculate the remainder when 16229 is divided by 15.
14
Calculate the remainder when 222915 is divided by 133.
7
What is the remainder when 2892 is divided by 2575?
317
Calculate the remainder when 1957 is divided by 197.
184
What is the remainder when 2221 is divided by 135?
61
Calculate the remainder when 475437 is divided by 313.
303
Calculate the remainder when 730245 is divided by 51.
27
Calculate the remainder when 58588 is divided by 2929.
8
What is the remainder when 4889 is divided by 4889?
0
Calculate the remainder when 403900 is divided by 40390.
0
Calculate the remainder when 144197 is divided by 236.
1
Calculate the remainder when 10138 is divided by 1527.
976
Calculate the remainder when 18167 is divided by 6016.
119
Calculate the remainder when 4682 is divided by 120.
2
What is the remainder when 53625 is divided by 106?
95
Calculate the remainder when 238725 is divided by 203.
200
Calculate the remainder when 20410 is divided by 498.
490
Calculate the remainder when 4925 is divided by 506.
371
What is the remainder when 40675 is divided by 726?
19
What is the remainder when 7433 is divided by 173?
167
What is the remainder when 586 is divided by 21?
19
What is the remainder when 446262 is divided by 148749?
15
What is the remainder when 38527 is divided by 27?
25
Calculate the remainder when 23679 is divided by 32.
31
What is the remainder when 41857 is divided by 91?
88
Calculate the remainder when 84364 is divided by 1506.
28
What is the remainder when 16558 is divided by 3?
1
Calculate the remainder when 49107 is divided by 95.
87
Calculate the remainder when 272040 is divided by 25.
15
What is the remainder when 6548 is divided by 7?
3
What is the remainder when 48417 is divided by 184?
25
What is the remainder when 79968 is divided by 69?
66
Calculate the remainder when 606 is divided by 554.
52
What is the remainder when 5939 is divided by 297?
296
What is the remainder when 10670 is divided by 5227?
216
What is the remainder when 29230 is divided by 1217?
22
Calculate the remainder when 405 is divided by 28.
13
Calculate the remainder when 5170 is divided by 199.
195
What is the remainder when 58484 is divided by 8346?
62
Calculate the remainder when 53581 is divided by 229.
224
What is the remainder when 1620 is divided by 145?
25
What is the remainder when 65995 is divided by 504?
475
What is the remainder when 693827 is divided by 36?
35
What is the remainder when 45923 is divided by 15305?
8
Calculate the remainder when 127794 is divided by 407.
403
What is the remainder when 580896 is divided by 18153?
0
Calculate the remainder when 226593 is divided by 10.
3
What is the remainder when 53119 is divided by 2636?
399
What is the remainder when 3194947 is divided by 2228?
2223
Calculate the remainder when 753 is divided by 14.
11
Calculate the remainder when 9185 is divided by 20.
5
Calculate the remainder when 4387 is divided by 176.
163
Calculate the remainder when 4121 is divided by 857.
693
What is the remainder when 11444 is divided by 10?
4
Calculate the remainder when 1168 is divided by 153.
97
Calculate the remainder when 222822 is divided by 2561.
15
What is the remainder when 3156 is divided by 489?
222
What is the remainder when 346799 is divided by 340?
339
Calculate the remainder when 27903 is divided by 13946.
11
What is the remainder when 41235 is divided by 20611?
13
Calculate the remainder when 58313 is divided by 130.
73
Calculate the remainder when 1205 is divided by 319.
248
What is the remainder when 9900 is divided by 25?
0
Calculate the remainder when 3050 is divided by 1047.
956
What is the remainder when 13656 is divided by 204?
192
Calculate the remainder when 173978 is divided by 28989.
44
What is the remainder when 44425 is divided by 44422?
3
What is the remainder when 13354 is divided by 278?
10
Calculate the remainder when 104738 is divided by 67.
17
What is the remainder when 4152 is divided by 1148?
708
Calculate the remainder when 9645 is divided by 786.
213
What is the remainder when 2976 is divided by 961?
93
What is the remainder when 11340 is divided by 343?
21
What is the remainder wh